t the prime factors of w.
3
Let m(q) = q**3 - 2*q + 2. What are the prime factors of m(3)?
23
Let o be (-2)/(-9) + (-4)/18. Let n(s) = s + 4. Let f be n(o). What are the prime factors of 67/f - 3/(-12)?
17
Suppose -10 = -4*u + 50. Suppose -3*o - 2*o + u = 0. Suppose -4*k - 22 = -y, 2*k - 7 = -3*y + o. What are the prime factors of y?
2, 3
Let w(j) = -j**3 - 7*j**2 - 9*j - 1. Let f(r) = -r**2 - 3*r + 4. Let q be f(-5). What are the prime factors of w(q)?
17
Let u = -6 + 17. What are the prime factors of u?
11
Let t = -5 + 3. Let o be 1/1 - (t + 1). Suppose 0 = o*h - 6*h + 24. What are the prime factors of h?
2, 3
Suppose d - 4*z = 27 + 11, 5*z - 11 = -2*d. List the prime factors of d.
2, 3
Suppose 2*s + 5*a - 13 = 0, 0 = 2*s - a - 2*a - 37. List the prime factors of s.
2, 7
What are the prime factors of 4/(-22) + 2314/22?
3, 5, 7
Let z = -4 + 6. List the prime factors of 1/z + 245/14.
2, 3
Let i = -5 - -10. Let l be i/20 - 195/(-4). Suppose 4*c + 1 = l. What are the prime factors of c?
2, 3
Let i(y) = y**3 + 3*y**2 - 4*y + 4. Let t be i(-4). Suppose -20 = -9*s + t*s. List the prime factors of s.
2
Let b(o) = 3*o**2 - 7*o + 15. Let c(t) = 2*t**2 - 4*t + 7. Let a(f) = -3*b(f) + 5*c(f). What are the prime factors of a(7)?
2, 23
Suppose 3*r - 204 - 639 = 0. What are the prime factors of r?
281
Let k(y) = -y**2 + y + 3. Let s be k(0). Suppose -2 = -c + s. Suppose w - 54 - 2 = -c*b, w + 54 = 5*b. List the prime factors of b.
11
Let b = 25 + -14. Suppose -3*y + b = 2. List the prime factors of y.
3
Suppose -u = -6*u + 15. List the prime factors of 1*29/(3/u).
29
Let j = 28 + -18. Let c = 15 - j. What are the prime factors of c?
5
Suppose 0 = 5*q + 15, 4*u - 24 = 3*q + q. Suppose u*x = 8*x - 80. List the prime factors of x.
2
Let o(k) = 3*k + 16. List the prime factors of o(10).
2, 23
Let h(b) = -b**2 + 5*b - 2. Let n be h(4). Suppose 0 = i - o - 20, 3*i - n*o - 3*o = 60. List the prime factors of i.
2, 5
Let t be 0*(-2 - 0 - -3). Suppose 4*j - 8 = -t*j. Suppose -2*n + 2*y + 18 = 0, -j*n + n - 3 = 5*y. What are the prime factors of n?
7
Let g(x) = x - 3. Let p be g(-4). Let y = p - -24. What are the prime factors of y?
17
Let z(k) = -3*k - 3. Suppose 0 = -2*j + 4*u - 10, 3*j + u + 15 + 0 = 0. What are the prime factors of z(j)?
2, 3
Let t(v) = 2*v**2 - 7*v + 5. Let i be t(4). Let c be (-64)/6 - (-6)/i. List the prime factors of (-10)/(-4)*(-8)/c.
2
Let b(l) = l**3 - 13*l**2 - l - 19. Let w be b(13). List the prime factors of (5 - w) + 2 + -2.
37
Suppose -3*m = -5*s, 5*m - 3*s = -2*s. Suppose 0*v + 6 = -2*v, m = 4*h - v - 47. Let z = -6 + h. List the prime factors of z.
5
Let d = 0 + 4. Suppose 3*h = 2*s + 23, 3*s - 2 - d = 0. List the prime factors of h.
3
Let x = 88 - 54. What are the prime factors of x?
2, 17
Let l = 11 - 8. Suppose 0 = l*m + 5*d - 29, 0 = -m + 2*m - 5*d - 23. Let z = m - 7. What are the prime factors of z?
2, 3
Let i(v) = v**3 + 12*v**2 - 3*v - 2. What are the prime factors of i(-12)?
2, 17
Let b(n) = -n + n**3 + 2 + 12*n + 12*n**2 + 0*n**3. Let c be b(-11). List the prime factors of c/4 + (-68)/(-8).
3
Suppose t = -3*t - c + 362, -4*c = -5*t + 442. What are the prime factors of t?
2, 3, 5
Suppose 2*x + 3*x - 820 = 0. What are the prime factors of x?
2, 41
Suppose -5*o = t + 26, 4*o + 3 = -5*t - 1. Let w(x) = -x**3 - 4*x**2 + 8*x + 5. List the prime factors of w(o).
29
Let d(z) = -z**2 + 3*z. Suppose -3*g + 3 + 6 = 0. Let v be d(g). Suppose -20 = -2*c - 2*j, v = -2*c - 3*j + 2*j + 16. List the prime factors of c.
2, 3
Let y(l) = l**3 + 5*l**2 + l - 2. Let s be y(-4). Suppose -2*i - 4*n + s = 0, 2*n - 11 = -3*i - 0*i. Let c = i + 7. What are the prime factors of c?
2, 5
Suppose 5 = 3*x - 2*o, -5*x - 2*o - 25 = 3*o. What are the prime factors of (-26)/(-2) + (0 - x)?
2, 7
Suppose 0 = x - 5*y, 0 = 2*x - 0*y + 2*y. List the prime factors of (x + 2)/((-2)/(-4)).
2
Let o(m) = -m**2 + 6*m - 4. Let z be o(4). Suppose 0 = 3*x - i - z*i - 40, 3*x + 10 = -5*i. What are the prime factors of x?
5
Let q(z) = 4*z**2 + 2*z - 1. Let a be q(2). Suppose 5*h - a - 1 = 0. Suppose -2*r - 3*y = -6, -3*r = -5*r - h*y + 2. What are the prime factors of r?
3
Suppose -93 = -3*r - 3*q, -r = -2*r + q + 21. List the prime factors of r.
2, 13
Suppose -5*t + 2*m + 380 = 0, -t + 0*t + 98 = 4*m. List the prime factors of t.
2, 3, 13
Suppose -4 = 3*n + 17. Let a(g) = g**2 + 7*g + 10. What are the prime factors of a(n)?
2, 5
What are the prime factors of 33/(-4)*48/(-18)?
2, 11
Suppose 0 = 3*u + 221 + 202. Let t = -94 - u. What are the prime factors of t?
47
Let p = -8 + 13. Let b(o) = -7 + 4*o**3 + o - 6*o**2 - p*o**3 + 4*o. What are the prime factors of b(-7)?
7
Let l(a) = -2*a - 5. Suppose -v - 4 = -0. Let x(i) = i - 3. Let u be x(v). What are the prime factors of l(u)?
3
Let a(p) = 7*p + 5. Let w(n) = n + 1. Let u(m) = a(m) - 4*w(m). Suppose -5*h + 6*h = 2. List the prime factors of u(h).
7
Let v = 14 + -1. Let q be -1*(3 - v/(-1)). Let b = -9 - q. What are the prime factors of b?
7
Suppose -2*b - 4 + 28 = 0. What are the prime factors of b?
2, 3
Let k(x) = 200*x - 2. What are the prime factors of k(1)?
2, 3, 11
Let v(c) = c**3 - 4*c**2 + 5. List the prime factors of v(4).
5
Let x = 8 + -6. Suppose -i + 13 = 5*r, i - x = 2*i. List the prime factors of r.
3
Suppose 3*u + 4*s = 6*s + 447, -4*s = u - 149. List the prime factors of u.
149
Let g(l) = l**2 + 10*l + 2. Let u be g(-10). Let f = -5 + u. List the prime factors of 10 - 6/9*f.
2, 3
Let d(r) = -r**2 + 10*r + 13. Let t be d(11). Let p be (0 - 0)*(1 - t). What are the prime factors of -2*(-9 - (p + -3))?
2, 3
Suppose 1260 = 4*x + s, 5*s + 15 = -5. List the prime factors of x.
2, 79
Let a(d) = -32*d**2 - d + 1. Let x be a(-1). Let n = 54 + x. List the prime factors of n.
2, 3
List the prime factors of (-40)/(-16)*(-1)/(-5)*562.
281
Let b(i) = 2*i**2 - 5*i - 4. Suppose 0 = -0*p - 4*p + 16. What are the prime factors of b(p)?
2
Let o be 7*((-2)/(-7) - 2). Let n = -3 - o. What are the prime factors of n?
3
Suppose 5*u + 3672 = 14*u. What are the prime factors of u?
2, 3, 17
Suppose j = -0*j. Suppose -5*c = 4*s - 70, -c - 5*s + j*s + 14 = 0. List the prime factors of c.
2, 7
Suppose -8*p + 462 = -2*p. What are the prime factors of p?
7, 11
Let l be (4/6)/(5/15). Suppose l*o - 3 = 7. Suppose -g = 2*h, -o - 2 = -4*g - h. What are the prime factors of g?
2
Let x(g) = -g**2 - g + 40. What are the prime factors of x(0)?
2, 5
Suppose 0*h + 2*h - 8 = 0. Suppose -h*p = -83 - 5. Suppose 4*s + 0*i = 2*i + p, -29 = -3*s + 4*i. List the prime factors of s.
3
Suppose -13 = 2*c + 21. Let p = c + 31. What are the prime factors of p?
2, 7
Suppose f - 10 - 13 = -5*x, 2*f - 22 = -4*x. Let v(z) = -z. Let i be v(f). List the prime factors of 6 - (i/(-3) - 2).
7
Suppose o = -2*o + 27. Suppose -o = -3*f + 4*n, -n - 3*n = f - 3. Suppose -4*y - 52 = -f*u, -6*u + 52 = -u + 2*y. List the prime factors of u.
2, 3
Suppose 7 + 6 = -3*d - 5*y, 5*y + 41 = 4*d. Suppose -35 = -w + d*u, -w = 3*u - 7 - 0. Let j = -10 + w. What are the prime factors of j?
3
Suppose 1 - 81 = -m. What are the prime factors of m?
2, 5
Suppose 4*j - 2 - 2 = 0. Let o(m) = -5*m - 1 + 8*m**2 + 11*m - 5*m. What are the prime factors of o(j)?
2
Let i(p) = -p + 15. Let w(m) = -m**2 + 5*m + 3. Suppose 9*j - 8 = -2*f + 4*j, -16 = -4*f - 5*j. Let s be w(f). List the prime factors of i(s).
2
Let p = -216 - -421. What are the prime factors of p?
5, 41
Let q(w) = -2*w**3 - w**2 + w + 2. Let l be q(-2). Suppose 0*d + 3*d = l. Let i = -2 + d. What are the prime factors of i?
2
Let u = 2 - 8. Suppose 2*z + 6 = 0, 3*s - z - 17 - 37 = 0. Let a = u + s. List the prime factors of a.
11
Suppose -10 = -5*h + 25. What are the prime factors of (9 - h) + 1 + 0?
3
Let z(m) = m**3 + 7*m**2 + 2*m - 4. Let a = 14 - 21. Let r be z(a). Let l = 27 + r. List the prime factors of l.
3
Suppose -28 = -5*t + 7. Let v(j) = -5*j**2 - 7*j + 16. Let z(c) = -9*c**2 - 14*c + 31. Let a(r) = -11*v(r) + 6*z(r). List the prime factors of a(t).
2, 5
Let a(s) = 41*s**2 + 2*s - 2. Let u be a(1). Let b = u + -24. What are the prime factors of b?
17
Let w(h) = h**2 - 1 + 0 + h**2 - 3*h**2 + h**3. Suppose l = 3*l - 4. What are the prime factors of w(l)?
3
Suppose -2*c - 10 = 3*c + 4*a, 15 = -3*a. Suppose -c*l = 5 - 1, 